{"id":508,"date":"2021-10-29T13:08:26","date_gmt":"2021-10-29T13:08:26","guid":{"rendered":"https:\/\/sezim.pt\/?page_id=508"},"modified":"2022-12-29T16:38:14","modified_gmt":"2022-12-29T16:38:14","slug":"fale-connosco","status":"publish","type":"page","link":"https:\/\/sezim.pt\/?page_id=508","title":{"rendered":"Fale connosco"},"content":{"rendered":"\t\t<div data-elementor-type=\"wp-page\" data-elementor-id=\"508\" class=\"elementor elementor-508\">\n\t\t\t\t\t\t<section class=\"elementor-section elementor-top-section elementor-element elementor-element-35a135a1 elementor-section-full_width elementor-section-items-stretch elementor-section-content-middle elementor-reverse-tablet elementor-reverse-mobile elementor-section-height-min-height elementor-section-height-default\" data-id=\"35a135a1\" data-element_type=\"section\">\n\t\t\t\t\t\t<div class=\"elementor-container elementor-column-gap-no\">\n\t\t\t\t\t<div class=\"elementor-column elementor-col-50 elementor-top-column elementor-element elementor-element-7762feba\" data-id=\"7762feba\" data-element_type=\"column\">\n\t\t\t<div class=\"elementor-widget-wrap elementor-element-populated\">\n\t\t\t\t\t\t<div class=\"elementor-element elementor-element-3a2c9f3b elementor-invisible elementor-widget elementor-widget-heading\" data-id=\"3a2c9f3b\" data-element_type=\"widget\" data-settings=\"{&quot;_animation&quot;:&quot;fadeInUp&quot;}\" data-widget_type=\"heading.default\">\n\t\t\t\t<div class=\"elementor-widget-container\">\n\t\t\t\t\t<h1 class=\"elementor-heading-title elementor-size-default\">Fale connosco<\/h1>\t\t\t\t<\/div>\n\t\t\t\t<\/div>\n\t\t\t\t<div class=\"elementor-element elementor-element-6c5b185c elementor-widget__width-initial elementor-widget elementor-widget-text-editor\" data-id=\"6c5b185c\" data-element_type=\"widget\" data-widget_type=\"text-editor.default\">\n\t\t\t\t<div class=\"elementor-widget-container\">\n\t\t\t\t\t\t\t\t\t<p>Ficou curioso e quer conhecer-nos melhor? Estamos \u00e0 dist\u00e2ncia de um e-mail.<\/p>\n<p>Venha passar um fim de semana na tranquilidade da nossa casa.&nbsp;<span style=\"font-family: 'Roboto Condensed', sans-serif; font-size: 16px; font-style: normal; font-variant-ligatures: normal; font-variant-caps: normal; font-weight: 300; color: var( --e-global-color-text ); letter-spacing: var( --e-global-typography-text-letter-spacing ); text-transform: var( --e-global-typography-text-text-transform );\">A nossa equipa mal pode esperar por o receber.<\/span><span style=\"font-size: 16px; color: var( --e-global-color-text ); letter-spacing: var( --e-global-typography-text-letter-spacing ); text-transform: var( --e-global-typography-text-text-transform );\">&nbsp;\u00c9 apreciador de um bom copo de <a href=\"https:\/\/sezim.pt\/?page_id=522\">Vinho Verde<\/a>? Venha prov\u00e1-lo connosco, ou encomende e saboreie no conforto do seu sof\u00e1.&nbsp;<\/span><\/p>\n<p>Para reservar a sua estadia ou encomendar vinho envie-nos um e-mail ou contacte-nos via WhatsApp.&nbsp;<span style=\"font-family: 'Roboto Condensed', sans-serif; font-size: 16px; font-style: normal; font-variant-ligatures: normal; font-variant-caps: normal; font-weight: 300; color: var( --e-global-color-text ); letter-spacing: var( --e-global-typography-text-letter-spacing ); text-transform: var( --e-global-typography-text-text-transform );\">Estamos \u00e0 sua espera!<\/span><\/p><p><span style=\"font-family: 'Roboto Condensed', sans-serif; font-size: 16px; font-style: normal; font-variant-ligatures: normal; font-variant-caps: normal; font-weight: 300; color: var( --e-global-color-text ); letter-spacing: var( --e-global-typography-text-letter-spacing ); text-transform: var( --e-global-typography-text-text-transform );\">(custo de contacto de acordo com as condi\u00e7\u00f5es do seu tarif\u00e1rio)<\/span><\/p>\t\t\t\t\t\t\t\t<\/div>\n\t\t\t\t<\/div>\n\t\t\t\t\t<\/div>\n\t\t<\/div>\n\t\t\t\t<div class=\"elementor-column elementor-col-50 elementor-top-column elementor-element elementor-element-1d9b1bbe\" data-id=\"1d9b1bbe\" data-element_type=\"column\" data-settings=\"{&quot;background_background&quot;:&quot;classic&quot;}\">\n\t\t\t<div class=\"elementor-widget-wrap\">\n\t\t\t\t\t\t\t<\/div>\n\t\t<\/div>\n\t\t\t\t\t<\/div>\n\t\t<\/section>\n\t\t\t\t<section class=\"elementor-section elementor-top-section elementor-element elementor-element-42ebbb1e elementor-section-full_width elementor-section-content-middle elementor-section-height-default elementor-section-height-default\" data-id=\"42ebbb1e\" data-element_type=\"section\" data-settings=\"{&quot;background_background&quot;:&quot;classic&quot;}\">\n\t\t\t\t\t\t<div class=\"elementor-container elementor-column-gap-no\">\n\t\t\t\t\t<div class=\"elementor-column elementor-col-33 elementor-top-column elementor-element elementor-element-61b418a7\" data-id=\"61b418a7\" data-element_type=\"column\" data-settings=\"{&quot;background_background&quot;:&quot;classic&quot;}\">\n\t\t\t<div class=\"elementor-widget-wrap elementor-element-populated\">\n\t\t\t\t\t\t<div class=\"elementor-element elementor-element-739a78f6 elementor-widget elementor-widget-spacer\" data-id=\"739a78f6\" data-element_type=\"widget\" data-widget_type=\"spacer.default\">\n\t\t\t\t<div class=\"elementor-widget-container\">\n\t\t\t\t\t\t\t<div class=\"elementor-spacer\">\n\t\t\t<div class=\"elementor-spacer-inner\"><\/div>\n\t\t<\/div>\n\t\t\t\t\t\t<\/div>\n\t\t\t\t<\/div>\n\t\t\t\t\t<\/div>\n\t\t<\/div>\n\t\t\t\t<div class=\"elementor-column elementor-col-33 elementor-top-column elementor-element elementor-element-76848982\" data-id=\"76848982\" data-element_type=\"column\" data-settings=\"{&quot;background_background&quot;:&quot;classic&quot;}\">\n\t\t\t<div class=\"elementor-widget-wrap elementor-element-populated\">\n\t\t\t\t\t\t<div class=\"elementor-element elementor-element-48bcda elementor-icon-list--layout-traditional elementor-list-item-link-full_width elementor-widget elementor-widget-icon-list\" data-id=\"48bcda\" data-element_type=\"widget\" data-widget_type=\"icon-list.default\">\n\t\t\t\t<div class=\"elementor-widget-container\">\n\t\t\t\t\t\t\t<ul class=\"elementor-icon-list-items\">\n\t\t\t\t\t\t\t<li class=\"elementor-icon-list-item\">\n\t\t\t\t\t\t\t\t\t\t<span class=\"elementor-icon-list-text\"><b>Endere\u00e7o:<\/b> Rua de Sezim, s\/n.  4811-909 Guimar\u00e3es<\/span>\n\t\t\t\t\t\t\t\t\t<\/li>\n\t\t\t\t\t\t\t\t<li class=\"elementor-icon-list-item\">\n\t\t\t\t\t\t\t\t\t\t<span class=\"elementor-icon-list-text\"><b>Rece\u00e7\u00e3o:<\/b> 09h00 - 17h00. Seg - Sex<\/span>\n\t\t\t\t\t\t\t\t\t<\/li>\n\t\t\t\t\t\t\t\t<li class=\"elementor-icon-list-item\">\n\t\t\t\t\t\t\t\t\t\t<span class=\"elementor-icon-list-text\"><b>Telefone:<\/b> (+351) 253 523 000 \n(chamada para a rede fixa nacional)<\/span>\n\t\t\t\t\t\t\t\t\t<\/li>\n\t\t\t\t\t\t\t\t<li class=\"elementor-icon-list-item\">\n\t\t\t\t\t\t\t\t\t\t<span class=\"elementor-icon-list-text\"><b>Telem\u00f3vel:<\/b> (+351) 963 258 082<br>(chamada para a rede m\u00f3vel nacional, de acordo com o seu tarif\u00e1rio)<\/span>\n\t\t\t\t\t\t\t\t\t<\/li>\n\t\t\t\t\t\t\t\t<li class=\"elementor-icon-list-item\">\n\t\t\t\t\t\t\t\t\t\t<span class=\"elementor-icon-list-text\"><b>E-mail:<\/b> geral@sezim.pt<\/span>\n\t\t\t\t\t\t\t\t\t<\/li>\n\t\t\t\t\t\t<\/ul>\n\t\t\t\t\t\t<\/div>\n\t\t\t\t<\/div>\n\t\t\t\t\t<\/div>\n\t\t<\/div>\n\t\t\t\t<div class=\"elementor-column elementor-col-33 elementor-top-column elementor-element elementor-element-74e8ecb7\" data-id=\"74e8ecb7\" data-element_type=\"column\">\n\t\t\t<div class=\"elementor-widget-wrap elementor-element-populated\">\n\t\t\t\t\t\t<div class=\"elementor-element elementor-element-6a6c3b9d elementor-widget elementor-widget-google_maps\" data-id=\"6a6c3b9d\" data-element_type=\"widget\" data-widget_type=\"google_maps.default\">\n\t\t\t\t<div class=\"elementor-widget-container\">\n\t\t\t\t\t\t\t<div class=\"elementor-custom-embed\">\n\t\t\t<iframe loading=\"lazy\"\n\t\t\t\t\tsrc=\"https:\/\/maps.google.com\/maps?q=Casa%20de%20Sezim%2C%20Guimar%C3%A3es&#038;t=m&#038;z=10&#038;output=embed&#038;iwloc=near\"\n\t\t\t\t\ttitle=\"Casa de Sezim, Guimar\u00e3es\"\n\t\t\t\t\taria-label=\"Casa de Sezim, Guimar\u00e3es\"\n\t\t\t><\/iframe>\n\t\t<\/div>\n\t\t\t\t\t\t<\/div>\n\t\t\t\t<\/div>\n\t\t\t\t\t<\/div>\n\t\t<\/div>\n\t\t\t\t\t<\/div>\n\t\t<\/section>\n\t\t\t\t<\/div>\n\t\t","protected":false},"excerpt":{"rendered":"<p>Fale connosco Ficou curioso e quer conhecer-nos melhor? Estamos \u00e0 dist\u00e2ncia de um e-mail. Venha passar um fim de semana na tranquilidade da nossa casa.&nbsp;A nossa equipa mal pode esperar por o receber.&nbsp;\u00c9 apreciador de um bom copo de Vinho Verde? Venha prov\u00e1-lo connosco, ou encomende e saboreie no conforto do seu sof\u00e1.&nbsp; Para reservar [&hellip;]<\/p>\n","protected":false},"author":1,"featured_media":0,"parent":0,"menu_order":0,"comment_status":"closed","ping_status":"closed","template":"","meta":{"inline_featured_image":false,"ocean_post_layout":"","ocean_both_sidebars_style":"","ocean_both_sidebars_content_width":0,"ocean_both_sidebars_sidebars_width":0,"ocean_sidebar":"0","ocean_second_sidebar":"0","ocean_disable_margins":"enable","ocean_add_body_class":"","ocean_shortcode_before_top_bar":"","ocean_shortcode_after_top_bar":"","ocean_shortcode_before_header":"","ocean_shortcode_after_header":"","ocean_has_shortcode":"","ocean_shortcode_after_title":"","ocean_shortcode_before_footer_widgets":"","ocean_shortcode_after_footer_widgets":"","ocean_shortcode_before_footer_bottom":"","ocean_shortcode_after_footer_bottom":"","ocean_display_top_bar":"off","ocean_display_header":"on","ocean_header_style":"","ocean_center_header_left_menu":"0","ocean_custom_header_template":"0","ocean_custom_logo":0,"ocean_custom_retina_logo":0,"ocean_custom_logo_max_width":0,"ocean_custom_logo_tablet_max_width":0,"ocean_custom_logo_mobile_max_width":0,"ocean_custom_logo_max_height":0,"ocean_custom_logo_tablet_max_height":0,"ocean_custom_logo_mobile_max_height":0,"ocean_header_custom_menu":"0","ocean_menu_typo_font_family":"0","ocean_menu_typo_font_subset":"","ocean_menu_typo_font_size":0,"ocean_menu_typo_font_size_tablet":0,"ocean_menu_typo_font_size_mobile":0,"ocean_menu_typo_font_size_unit":"px","ocean_menu_typo_font_weight":"","ocean_menu_typo_font_weight_tablet":"","ocean_menu_typo_font_weight_mobile":"","ocean_menu_typo_transform":"","ocean_menu_typo_transform_tablet":"","ocean_menu_typo_transform_mobile":"","ocean_menu_typo_line_height":0,"ocean_menu_typo_line_height_tablet":0,"ocean_menu_typo_line_height_mobile":0,"ocean_menu_typo_line_height_unit":"","ocean_menu_typo_spacing":0,"ocean_menu_typo_spacing_tablet":0,"ocean_menu_typo_spacing_mobile":0,"ocean_menu_typo_spacing_unit":"","ocean_menu_link_color":"","ocean_menu_link_color_hover":"","ocean_menu_link_color_active":"","ocean_menu_link_background":"","ocean_menu_link_hover_background":"","ocean_menu_link_active_background":"","ocean_menu_social_links_bg":"","ocean_menu_social_hover_links_bg":"","ocean_menu_social_links_color":"","ocean_menu_social_hover_links_color":"","ocean_disable_title":"default","ocean_disable_heading":"default","ocean_post_title":"","ocean_post_subheading":"","ocean_post_title_style":"","ocean_post_title_background_color":"","ocean_post_title_background":0,"ocean_post_title_bg_image_position":"","ocean_post_title_bg_image_attachment":"","ocean_post_title_bg_image_repeat":"","ocean_post_title_bg_image_size":"","ocean_post_title_height":0,"ocean_post_title_bg_overlay":0.5,"ocean_post_title_bg_overlay_color":"","ocean_disable_breadcrumbs":"off","ocean_breadcrumbs_color":"","ocean_breadcrumbs_separator_color":"","ocean_breadcrumbs_links_color":"","ocean_breadcrumbs_links_hover_color":"","ocean_display_footer_widgets":"on","ocean_display_footer_bottom":"off","ocean_custom_footer_template":"0","footnotes":""},"class_list":["post-508","page","type-page","status-publish","hentry","entry"],"yoast_head":"<!-- This site is optimized with the Yoast SEO plugin v25.9 - https:\/\/yoast.com\/wordpress\/plugins\/seo\/ -->\n<title>Fale connosco - Casa de Sezim<\/title>\n<meta name=\"description\" content=\"A sua garrafeira est\u00e1 vazia? Quer marcar um fim de semana tranquilo a escassos minutos de Guimar\u00e3es? Fale connosco! Estamos aqui para ajudar.\" \/>\n<meta name=\"robots\" content=\"index, follow, max-snippet:-1, max-image-preview:large, max-video-preview:-1\" \/>\n<link rel=\"canonical\" href=\"https:\/\/sezim.pt\/?page_id=508\" \/>\n<meta property=\"og:locale\" content=\"pt_PT\" \/>\n<meta property=\"og:type\" content=\"article\" \/>\n<meta property=\"og:title\" content=\"Fale connosco - Casa de Sezim\" \/>\n<meta property=\"og:description\" content=\"A sua garrafeira est\u00e1 vazia? Quer marcar um fim de semana tranquilo a escassos minutos de Guimar\u00e3es? Fale connosco! Estamos aqui para ajudar.\" \/>\n<meta property=\"og:url\" content=\"https:\/\/sezim.pt\/?page_id=508\" \/>\n<meta property=\"og:site_name\" content=\"Casa de Sezim\" \/>\n<meta property=\"article:publisher\" content=\"https:\/\/www.facebook.com\/casadesezim\/\" \/>\n<meta property=\"article:modified_time\" content=\"2022-12-29T16:38:14+00:00\" \/>\n<meta name=\"twitter:card\" content=\"summary_large_image\" \/>\n<meta name=\"twitter:label1\" content=\"Tempo estimado de leitura\" \/>\n\t<meta name=\"twitter:data1\" content=\"1 minuto\" \/>\n<script type=\"application\/ld+json\" class=\"yoast-schema-graph\">{\"@context\":\"https:\/\/schema.org\",\"@graph\":[{\"@type\":\"WebPage\",\"@id\":\"https:\/\/sezim.pt\/?page_id=508\",\"url\":\"https:\/\/sezim.pt\/?page_id=508\",\"name\":\"Fale connosco - Casa de Sezim\",\"isPartOf\":{\"@id\":\"https:\/\/sezim.pt\/#website\"},\"datePublished\":\"2021-10-29T13:08:26+00:00\",\"dateModified\":\"2022-12-29T16:38:14+00:00\",\"description\":\"A sua garrafeira est\u00e1 vazia? Quer marcar um fim de semana tranquilo a escassos minutos de Guimar\u00e3es? Fale connosco! Estamos aqui para ajudar.\",\"breadcrumb\":{\"@id\":\"https:\/\/sezim.pt\/?page_id=508#breadcrumb\"},\"inLanguage\":\"pt-PT\",\"potentialAction\":[{\"@type\":\"ReadAction\",\"target\":[\"https:\/\/sezim.pt\/?page_id=508\"]}]},{\"@type\":\"BreadcrumbList\",\"@id\":\"https:\/\/sezim.pt\/?page_id=508#breadcrumb\",\"itemListElement\":[{\"@type\":\"ListItem\",\"position\":1,\"name\":\"In\u00edcio\",\"item\":\"https:\/\/sezim.pt\/\"},{\"@type\":\"ListItem\",\"position\":2,\"name\":\"Fale connosco\"}]},{\"@type\":\"WebSite\",\"@id\":\"https:\/\/sezim.pt\/#website\",\"url\":\"https:\/\/sezim.pt\/\",\"name\":\"Casa de Sezim\",\"description\":\"Vinho Verde e Turismo Rural com saber de Gera\u00e7\u00f5es\",\"publisher\":{\"@id\":\"https:\/\/sezim.pt\/#organization\"},\"potentialAction\":[{\"@type\":\"SearchAction\",\"target\":{\"@type\":\"EntryPoint\",\"urlTemplate\":\"https:\/\/sezim.pt\/?s={search_term_string}\"},\"query-input\":{\"@type\":\"PropertyValueSpecification\",\"valueRequired\":true,\"valueName\":\"search_term_string\"}}],\"inLanguage\":\"pt-PT\"},{\"@type\":\"Organization\",\"@id\":\"https:\/\/sezim.pt\/#organization\",\"name\":\"Casa de Sezim\",\"url\":\"https:\/\/sezim.pt\/\",\"logo\":{\"@type\":\"ImageObject\",\"inLanguage\":\"pt-PT\",\"@id\":\"https:\/\/sezim.pt\/#\/schema\/logo\/image\/\",\"url\":\"\",\"contentUrl\":\"\",\"caption\":\"Casa de Sezim\"},\"image\":{\"@id\":\"https:\/\/sezim.pt\/#\/schema\/logo\/image\/\"},\"sameAs\":[\"https:\/\/www.facebook.com\/casadesezim\/\",\"https:\/\/www.instagram.com\/casadesezim\/\",\"https:\/\/pt.wikipedia.org\/wiki\/Casa_de_Sezim\"]}]}<\/script>\n<!-- \/ Yoast SEO plugin. -->","yoast_head_json":{"title":"Fale connosco - Casa de Sezim","description":"A sua garrafeira est\u00e1 vazia? Quer marcar um fim de semana tranquilo a escassos minutos de Guimar\u00e3es? Fale connosco! Estamos aqui para ajudar.","robots":{"index":"index","follow":"follow","max-snippet":"max-snippet:-1","max-image-preview":"max-image-preview:large","max-video-preview":"max-video-preview:-1"},"canonical":"https:\/\/sezim.pt\/?page_id=508","og_locale":"pt_PT","og_type":"article","og_title":"Fale connosco - Casa de Sezim","og_description":"A sua garrafeira est\u00e1 vazia? Quer marcar um fim de semana tranquilo a escassos minutos de Guimar\u00e3es? Fale connosco! Estamos aqui para ajudar.","og_url":"https:\/\/sezim.pt\/?page_id=508","og_site_name":"Casa de Sezim","article_publisher":"https:\/\/www.facebook.com\/casadesezim\/","article_modified_time":"2022-12-29T16:38:14+00:00","twitter_card":"summary_large_image","twitter_misc":{"Tempo estimado de leitura":"1 minuto"},"schema":{"@context":"https:\/\/schema.org","@graph":[{"@type":"WebPage","@id":"https:\/\/sezim.pt\/?page_id=508","url":"https:\/\/sezim.pt\/?page_id=508","name":"Fale connosco - Casa de Sezim","isPartOf":{"@id":"https:\/\/sezim.pt\/#website"},"datePublished":"2021-10-29T13:08:26+00:00","dateModified":"2022-12-29T16:38:14+00:00","description":"A sua garrafeira est\u00e1 vazia? Quer marcar um fim de semana tranquilo a escassos minutos de Guimar\u00e3es? Fale connosco! Estamos aqui para ajudar.","breadcrumb":{"@id":"https:\/\/sezim.pt\/?page_id=508#breadcrumb"},"inLanguage":"pt-PT","potentialAction":[{"@type":"ReadAction","target":["https:\/\/sezim.pt\/?page_id=508"]}]},{"@type":"BreadcrumbList","@id":"https:\/\/sezim.pt\/?page_id=508#breadcrumb","itemListElement":[{"@type":"ListItem","position":1,"name":"In\u00edcio","item":"https:\/\/sezim.pt\/"},{"@type":"ListItem","position":2,"name":"Fale connosco"}]},{"@type":"WebSite","@id":"https:\/\/sezim.pt\/#website","url":"https:\/\/sezim.pt\/","name":"Casa de Sezim","description":"Vinho Verde e Turismo Rural com saber de Gera\u00e7\u00f5es","publisher":{"@id":"https:\/\/sezim.pt\/#organization"},"potentialAction":[{"@type":"SearchAction","target":{"@type":"EntryPoint","urlTemplate":"https:\/\/sezim.pt\/?s={search_term_string}"},"query-input":{"@type":"PropertyValueSpecification","valueRequired":true,"valueName":"search_term_string"}}],"inLanguage":"pt-PT"},{"@type":"Organization","@id":"https:\/\/sezim.pt\/#organization","name":"Casa de Sezim","url":"https:\/\/sezim.pt\/","logo":{"@type":"ImageObject","inLanguage":"pt-PT","@id":"https:\/\/sezim.pt\/#\/schema\/logo\/image\/","url":"","contentUrl":"","caption":"Casa de Sezim"},"image":{"@id":"https:\/\/sezim.pt\/#\/schema\/logo\/image\/"},"sameAs":["https:\/\/www.facebook.com\/casadesezim\/","https:\/\/www.instagram.com\/casadesezim\/","https:\/\/pt.wikipedia.org\/wiki\/Casa_de_Sezim"]}]}},"_links":{"self":[{"href":"https:\/\/sezim.pt\/index.php?rest_route=\/wp\/v2\/pages\/508","targetHints":{"allow":["GET"]}}],"collection":[{"href":"https:\/\/sezim.pt\/index.php?rest_route=\/wp\/v2\/pages"}],"about":[{"href":"https:\/\/sezim.pt\/index.php?rest_route=\/wp\/v2\/types\/page"}],"author":[{"embeddable":true,"href":"https:\/\/sezim.pt\/index.php?rest_route=\/wp\/v2\/users\/1"}],"replies":[{"embeddable":true,"href":"https:\/\/sezim.pt\/index.php?rest_route=%2Fwp%2Fv2%2Fcomments&post=508"}],"version-history":[{"count":55,"href":"https:\/\/sezim.pt\/index.php?rest_route=\/wp\/v2\/pages\/508\/revisions"}],"predecessor-version":[{"id":1162,"href":"https:\/\/sezim.pt\/index.php?rest_route=\/wp\/v2\/pages\/508\/revisions\/1162"}],"wp:attachment":[{"href":"https:\/\/sezim.pt\/index.php?rest_route=%2Fwp%2Fv2%2Fmedia&parent=508"}],"curies":[{"name":"wp","href":"https:\/\/api.w.org\/{rel}","templated":true}]}}